(m) be the third derivative of -m**5/60 + m**4/8 + 22*m**2. Give d(6).
-18
Let p(u) be the first derivative of -5*u**4/4 + u + 7. Determine p(-1).
6
Suppose 2*m + 5*x - 1 = 1, 4*m - x - 4 = 0. Let q(o) = -2*o**2 - o. Determine q(m).
-3
Let r = -3 + 3. Suppose 5*i - 1 + 16 = r. Let t(n) = -n + 2. Give t(i).
5
Let j be 3/6 - ((-30)/(-4))/5. Let m(z) = -3*z**2 - z. Give m(j).
-2
Let d(n) be the third derivative of n**4/24 + 3*n**3/2 - 2*n**2. Suppose -o - 4*o = 20. Let v = o + 4. Give d(v).
9
Let s(d) = d**2 - d + 12. Let z(m) = m**3 - 3*m**2 + m + 2. Let o be z(2). What is s(o)?
12
Suppose 5*r + 0*r = 70. Suppose r = -5*w - 11. Let g(p) = p**3 + 6*p**2 + 5*p + 4. Give g(w).
4
Suppose 2*n + 13 = -5*q - 7, -3*n + 16 = -4*q. Let r(h) = -h - 8. Calculate r(q).
-4
Suppose 2*i = -4*j + 26, -4*j - 3*i + 29 = -2*i. Suppose -18 + j = -5*y. Let g(c) = 1 - y*c + c**3 - c**2 + 2*c**2 - 2*c**2. Calculate g(1).
-1
Let s be (-6)/21 - (-40)/(-7). Let j(l) = 7*l + 9. Let c(m) = -36*m - 45. Let w(f) = -4*c(f) - 21*j(f). Determine w(s).
9
Let j(p) = -p**2 + 7*p - 10. Let n be j(2). Let i(q) = q**3 - q**2 - q - 14. Determine i(n).
-14
Let s = -89/6 + 15. Let f(z) be the second derivative of -1/6*z**3 + s*z**4 + z + 0 + 1/20*z**5 + z**2. Determine f(-2).
4
Let z(a) = 3*a + 1 + 4*a + 3*a - 3*a. Determine z(-1).
-6
Let d(j) = 5*j**2 - 2 - 4*j**2 - 3. Let y be 152/95*10/(-4). What is d(y)?
11
Let g(p) = 5*p + p**3 + 3 - 1 - 5*p**2 - 5*p. Calculate g(5).
2
Let c(w) = -4*w**2 - 5*w - 1. Let v(s) = 4*s**2 + 6*s + 1. Let f(x) = 6*c(x) + 5*v(x). Suppose -2*h = -4*h + 2. Let r be -2 - (-1)/(0 + h). What is f(r)?
-5
Suppose -6*i + 15 = -i + 2*c, -c = -2*i + 6. Suppose -k + i*k = -10. Let o(f) = -4*f - 9. Let b(r) = -r - 2. Let n(w) = 9*b(w) - 2*o(w). Calculate n(k).
5
Let n(y) = y - 1. Let m be (6/9)/((-6)/(-9)). Let i be n(m). Let t(a) = -a**2 - a - 3. Calculate t(i).
-3
Suppose i + 0 - 2 = 0. Let b = -3 - i. Let a(l) = l + 10. Give a(b).
5
Let i(n) = -5*n - 2. Let x(u) = -11*u - 4. Let s(y) = -9*i(y) + 4*x(y). Let a = -4 - -4. What is s(a)?
2
Let k(q) = q - 8. Let z be k(10). Suppose 4*t - 12 = -4*c, -3*t + 17 = -z*c + c. Let h(y) = 2*y**2 + 3*y + 1. What is h(c)?
3
Let f(a) = a**3 - 5*a**2 - 7*a + 9. Let l be (-1)/(-2) - 22/(-4). Suppose l = -r + 2*r. Give f(r).
3
Let d(l) = l - 6. Let x(o) = -o - 3. Let p(y) = y**2 - 8*y + 5. Let t be p(8). Let k = t - 8. Let v be x(k). Calculate d(v).
-6
Let f = -85 - -88. Let w(a) = -2*a**2 - 2*a + 3. Determine w(f).
-21
Let k(h) = h + 12. Let u(m) = 4*m + 2. Let b be u(-2). Determine k(b).
6
Let n(l) = l**3 + 6*l**2 - 2*l - 7. Let p(t) = t**2 - 1. Let y be p(1). Suppose y*j + 6 = -j. What is n(j)?
5
Let h(i) be the second derivative of -7*i**3/6 + i**2/2 - i. Let c(z) = -2*z**2 + 1. Suppose 3*y - 3*t + 18 + 0 = 0, 5*y = t - 10. Let m be c(y). What is h(m)?
8
Let o = -9 + 14. Let m be ((-1)/o)/((-2)/10). Let h be (-10)/15*3/m. Let w(c) = -c**3 - 2*c**2 + 2. What is w(h)?
2
Let u(t) = t. Let z be u(3). Let v(m) = -2 + 3*m**2 + 0 - 4*m**z + 6*m**3. What is v(-2)?
-6
Let j(w) = -5*w**3 + w**2. Suppose -f = 4*f. Suppose f = -9*p + 4*p. Suppose -1 = d - p. Give j(d).
6
Let c(w) = 1 - 2*w**2 + 1 + 7*w + 7 + w**2. What is c(7)?
9
Let f(u) be the first derivative of -u**2 + 7*u + 9. What is f(-5)?
17
Let a(q) be the second derivative of -q**5/120 - q**4/6 + 2*q**3/3 + q. Let f(v) be the second derivative of a(v). What is f(-4)?
0
Let j(m) = -m**3 - 5*m**2 - m - 6. Let b(k) = 2*k**2 + 31*k + 10. Let r be b(-15). Give j(r).
-1
Let f(d) = 25*d. Suppose -2*l = 3*b + 4, 3*l + 2*b = 4*l - 5. Let m(y) = -y. Let t(w) = l*f(w) + 20*m(w). Give t(-1).
-5
Let p be 4*1 + (-4 - -3). Let q(m) = m**p - m**2 - 3*m**2 - 2*m**3 + 2. Let x(a) = a**3 + 3*a**2 - 2*a + 5. Let n be x(-4). Determine q(n).
-7
Suppose -5*l - 3 = -s, -2*s + 8 - 12 = 0. Let w(i) = 2*i**2 - 2*i - 1. Give w(l).
3
Let x(y) = y**2 + y + 1. Let v(c) = -4*c**2 - 8*c - 4. Let a(p) = v(p) + 5*x(p). Calculate a(3).
1
Suppose 2*w + 4 = -0*w. Let f be (-8)/12*3/w. Let g(j) = -4*j**3 + j**2 + j - 1. What is g(f)?
-3
Let p(d) = -d + 4. Let r be ((-28)/(-21))/(2/(-6)). What is p(r)?
8
Let g(h) = 6*h - 2. Let z(k) = 5*k - 2. Let m(r) = 6*g(r) - 7*z(r). Suppose 0 = -i + 2 - 7. Give m(i).
-3
Let k(h) be the third derivative of -h**5/60 + h**4/24 + h**3 + 14*h**2. Let d = 2 - 2. Give k(d).
6
Suppose 8*q + 48 = -0*q. Let z(x) = -x**3 - 6*x**2 + 2*x + 1. Give z(q).
-11
Let b(f) be the second derivative of 1/12*f**4 + 5*f + 0 + 7/6*f**3 - 7/2*f**2. Give b(-6).
-13
Let t = 5 - 0. Let g be -2*(1/(-2) - 1). Let u(f) = f + f - g + 0*f. Give u(t).
7
Let s(y) = -32 - 36 + 69 + 7*y - y**2. Determine s(7).
1
Let b(c) be the third derivative of -c**7/5040 + c**6/240 + c**5/60 - c**2. Let m(d) be the third derivative of b(d). Calculate m(-3).
6
Let d(b) = -b**3 - 6. Let x(w) = -w**2 - 7*w + 8. Let r be x(-8). What is d(r)?
-6
Let o(z) = -12 + 4 + 4 + 10*z + z**2. What is o(-8)?
-20
Let w(v) = -v**3 - 2*v**2 + 3*v + 1. Let b(x) = 5*x**2 + 16*x + 3. Let o(r) = 11*r**2 + 33*r + 7. Let d(f) = 13*b(f) - 6*o(f). Let q be d(10). Determine w(q).
1
Let t(x) = 5*x**2 - 2*x - 1. Let p = -18 - -17. Calculate t(p).
6
Let x(q) be the first derivative of -q**2/2 + 1. Let v be (-10 - 0)/((-10)/(-10)). Let d be (-198)/45 + (-4)/v. Calculate x(d).
4
Let b(n) = -12*n - 6. Let r(z) = -z + 1 + z + 0 + z. Let l(i) = b(i) + 5*r(i). Let o(d) = -d**3 - 2*d**2 + 2*d + 3. Let y be o(-2). Determine l(y).
6
Let z(s) = 3 + 77*s - 4 - 78*s. Let k(l) = l**3 + 5*l**2 + 3*l - 3. Let r be k(-4). Give z(r).
-2
Suppose -4 = -j - 1. Let b be 9*((-10)/j + 4). Let i(s) = s**2 - 5*s - 1. Determine i(b).
5
Suppose 7*s - 12*s = -5. Let r(y) = y**2 + y. Calculate r(s).
2
Let s(x) = 3*x - 2. Let j(d) = -d + 1. Let i(z) = -5*j(z) - 2*s(z). Let b be i(1). Let f(y) = -3*y + 1. Determine f(b).
7
Let r be (-15)/6*(-2 + 0). Suppose -3*b - 10 = -8*b, 0 = -r*v - 4*b + 28. Let w(z) be the second derivative of z**4/12 - z**3 + 3*z**2 + 19*z. Calculate w(v).
-2
Let w(i) = -27*i**3 - 10*i**2 - 10 + 60*i**3 + 13*i - 32*i**3. Calculate w(8).
-34
Let q(d) = d**3 + 3*d**2 - 7*d - 3. Suppose 0 = -3*v + 4*v + 5. Give q(v).
-18
Let q(i) be the third derivative of i**6/120 - i**5/15 + i**4/12 - 2*i**3/3 - i**2. Suppose 1 - 5 = 2*l. Let j = 6 + l. What is q(j)?
4
Let g = -10 - -12. Let i(z) = 4 + 0 - g - z. Determine i(3).
-1
Let p(i) = i + 1. Let g be (7/2)/((-2)/(-4)). Suppose 6*f + g = -5. Calculate p(f).
-1
Suppose -7*t = h - 2*t - 29, 0 = -5*t + 25. Suppose 3*k - h*d = 0, 4*k = 2*k + 4*d. Let z(n) be the second derivative of -n**5/20 + 2*n**2 - 172*n. Give z(k).
4
Let v(a) = -a**3 + 2*a**2 + 11*a - 7. Let o be v(4). Let g(b) = -5*b**2 - 1. Let f(x) = -9*x**2 - x - 2. Let w(z) = 6*f(z) - 11*g(z). Calculate w(o).
-6
Let u = 5 + -8. Let o(f) be the third derivative of f**4/12 - f**3/6 + 5*f**2. Determine o(u).
-7
Let n(u) = -u**3 - 4*u**2 - u - 4. Suppose 3*m - 8*m = 20. Give n(m).
0
Suppose -t - 22 = 5*i, 4*i = -4*t - 19 - 5. Let n(y) be the second derivative of y**3/3 + 12*y. Calculate n(i).
-8
Let r(q) = -q**3 + q**2 + 4*q - 4. Let h(k) = k**2. Let x(w) = 6*h(w) - r(w). Determine x(-6).
-8
Let x(g) = -3*g - 7. Let o be (5 + -2 + -9)/1. What is x(o)?
11
Let o be 1*0/(1 + 0). Let k be (2 - o) + (-2 - -3). Let j(w) = -1 + 3*w**2 + w**k + 8*w - w**2 - 6*w. Determine j(-2).
-5
Let c(u) be the first derivative of -u**2 + 2*u**4 - u + 2 - 1/3*u**3. Suppose 0 = -4*m - 3*f + 5, 2*m + 4*f = 4 + 6. Calculate c(m).
-8
Let y = 2 + 0. Suppose l - 12 = -2*l, 4*h - y*l + 20 = 0. Let t(q) = 1. Let f(o) = -o**2 - 4*o + 7. Let r(s) = -f(s) + 6*t(s). Determine r(h).
-4
Let t(x) be the first derivative of x**5/20 + x**4/24 + x**2 - 2. Let h(n) be the second derivative of t(n). Let l be 0 + (0 - (-2)/(-2)). Give h(l).
2
Let j(h) = 4*h**3 - h**2 - h - 1. Let c = -2 - -2. Let w(y) = y**3 - y**2 - y + 1. Let q be w(c). Let d = 0 - q. What is j(d)?
-5
Let a(t) = 5 + 6 - t - 4. Give a(6).
1
Let q(x) be the first derivative of -x**3/3 + 5*x**2 - 8*x - 10. Determine q(6).
16
Let u(m) = -m + 4. Let p be u(7). Let l(x) = -x**2 - 2*x - 2. What is l(p)?
-5
Let h(i) be the second derivative of i**3/6 + i**2/2 + 6*i. Let n be (1 + (-5)/2)*12. Let s be (-6)/(-27) - 68/n. Calculate h(s).
5
Suppose 0 = -f - f. S